0
Suppose d + 5 = -4*d. Let c be ((-4)/10)/(d/20). Let v = 532 - 530. Calculate the highest common divisor of v and c.
2
Let t = -32 + 92. Suppose -2*p + 28 + 24 = 2*v, -3*v = -3*p + t. Suppose -12*y + 25 = -p. What is the highest common divisor of 4 and y?
4
Let c(d) = 2*d**2 + 22*d - 5. Let y be c(-20). Let u = -350 + y. What is the greatest common divisor of 80 and u?
5
Let o = 48206 + -48098. Let f(a) = -5*a + 6. Let g be f(-6). Calculate the highest common divisor of o and g.
36
Suppose -18 = -12*r + 6. Suppose 5*v = 4*h - 240, 2*v = r*h - 0*h - 120. Suppose -3*n = -48 - 24. What is the highest common divisor of h and n?
12
Let d = 476 - -208. Let i = -3729 - -3765. What is the greatest common factor of i and d?
36
Suppose 1888 = -5*o + 1499 + 6264. Calculate the greatest common divisor of 50 and o.
25
Let f(z) = -z - 2. Let d be f(-3). Let x = 8302 - 8286. Calculate the greatest common divisor of x and d.
1
Let j(g) = -2*g**2 - 6*g + 22. Let n be j(7). Let a = n - -132. What is the highest common divisor of 602 and a?
14
Let k(z) = -z**3 + 51*z**2 + 8*z - 1586. Let a be k(38). Calculate the highest common factor of 636 and a.
318
Let q be (-30)/(-9)*1683/15. Let y = 86 + -52. Calculate the greatest common divisor of q and y.
34
Let x = -65 + 135. Let s be ((-7)/(-4))/(2/(-8)). Let v be 21 - (5 + s + -5). Calculate the highest common divisor of x and v.
14
Let n(g) = 7*g**3 + 2*g**2 - 2*g + 1. Let m be n(1). Suppose -42 + 122 = m*a. Calculate the highest common divisor of 70 and a.
10
Suppose 5*a - 93241 + 22761 = 0. Let k be (-4)/(-14) + a/56. Suppose 88 + 444 = 19*q. What is the greatest common factor of q and k?
28
Let w = -26911 - -27001. Calculate the highest common factor of w and 14520.
30
Let v(r) = -r**2 + 110*r - 2040. Let w be v(24). What is the greatest common divisor of 6 and w?
6
Let x = 53966 - 53834. Let f = 50 + -26. Calculate the highest common divisor of x and f.
12
Let h be 4/(-3) - 815440/(-1020) - 2/17. Calculate the greatest common factor of 2058 and h.
42
Let o be (10/2)/(4/92). Let d be (5 - -15)/4 + o. Calculate the greatest common divisor of 48 and d.
24
Suppose -3*h - h + y = -171, 5*h + 5*y - 195 = 0. Let j be h - ((-5)/10 + (-9)/(-2)). What is the greatest common divisor of 95 and j?
19
Suppose -8 = 2*w, -2*n + w = -64 + 18. Suppose -5*x + 475 = 4*k, -9*x - 484 = -4*k - 163. What is the highest common divisor of k and n?
21
Suppose -110 = -3*u - 4*c, 0*c + 155 = 5*u + c. Let f = u + -36. Let v(s) = -14*s - 21. Let o be v(f). Calculate the highest common factor of o and 21.
21
Let r(i) = -i**3 - 5*i**2 + 15*i + 3. Let v be r(-8). Suppose 2*y - 11 = -h, 3*h - 3*y + y - 1 = 0. What is the highest common factor of v and h?
3
Let v be (20/25)/((-3)/(-30)) + 3. Let x(y) = -y**3 + 13*y**2 + 10*y - 1. Let m be x(v). What is the greatest common factor of 27 and m?
27
Suppose -2*i + 2*r = -3*i + 94, 198 = 2*i - r. Suppose 3 - 5 = -l. Suppose -42 = -l*f - f. Calculate the highest common factor of f and i.
14
Let n = -12 - -37. Let o(d) = -d**3 + 32*d**2 - 105*d + 1975. Let r be o(30). Calculate the greatest common divisor of n and r.
25
Let v = -239 - -179. Let w be 15/(5*(-4)/v). What is the greatest common divisor of w and 15?
15
Let k = -1094 - -1169. What is the highest common divisor of 69 and k?
3
Let z(a) = 828*a + 4186. Let x be z(-5). Calculate the greatest common divisor of x and 128.
2
Suppose -168 = -68*n + 133*n - 71*n. What is the greatest common divisor of 2751 and n?
7
Let k(t) = -22*t**3 - 4*t**2 - t. Suppose -2*o - 1 = 3. Let i be k(o). What is the highest common divisor of i and 6?
6
Suppose 26*r - 51*r + 28*r - 495 = 0. Calculate the highest common divisor of 66 and r.
33
Suppose 0 = 5*s + 2*g - 988, 5*s = -107*g + 104*g + 992. What is the greatest common divisor of s and 1274?
98
Let m = 3 + -3. Suppose m*l = -l + 34. Let c(h) = -369*h - 352. Let v be c(-1). What is the highest common divisor of v and l?
17
Let k(t) = -t**3 - 11*t**2 - 29*t - 99. Let r be k(-7). Let j be 1*5/((-20)/r). Calculate the greatest common divisor of 253 and j.
23
Let f be (-3)/2*(-28)/6. Let r = -283 - -211. Let q be (-2 - 1168/r) + (-2)/9. What is the highest common divisor of q and f?
7
Suppose 4*t = 14 + 18. Suppose 4 = -b + t. Suppose 4*f + 22 = q, 2*f + 6 = b*f. Calculate the greatest common factor of q and 85.
17
Let s(v) = 93*v**2 + 421*v + 1274. Let n be s(-3). Calculate the greatest common divisor of n and 176.
16
Let b(n) = 2*n**2 - 44*n - 930. Let m be b(-17). What is the highest common factor of m and 3432?
132
Suppose -4*k - 44 = -4*l, -5*l = 4*k - 16 - 12. Let b be l/(-10) - 4356/55. Let n = b - -140. What is the highest common divisor of 90 and n?
30
Let i = -5617 + 5624. Calculate the highest common divisor of 2177 and i.
7
Let v be (-92 - 1)/((-2)/(-8)). Let m = -141 - v. Suppose 3*z = -5*b + 78, -4*z - 3*b = 41 - 134. Calculate the highest common divisor of m and z.
21
Suppose 0 = -3*v, -5*v - 266 + 23 = -3*q. Suppose -4*r = 5*t - 254, -5*t + 249 = r - 2*r. Let k = t - 41. What is the greatest common factor of k and q?
9
Let v(h) = 6*h**2 + 3*h - 48. Let l be v(6). Let b = 243 - l. What is the greatest common divisor of b and 627?
57
Let i(r) = 3*r**2 - 2*r + 90. Let x be i(11). Let h = 487 - x. What is the highest common divisor of 14 and h?
14
Let k(y) = 9*y - 6. Let l be k(4). Let j be (-1065)/142*8*66/(-12). What is the highest common factor of j and l?
30
Let s be (9095/14)/5 + 182/2548. What is the highest common divisor of s and 10?
10
Let c = -423 - -424. Let n(w) = 83*w + 25. Let i be n(c). Let y(f) = -2*f + 5. Let k be y(-11). What is the highest common divisor of i and k?
27
Suppose 2*q - 5*z - 2682 = 0, 5*q - 9327 + 2688 = -4*z. Calculate the greatest common factor of q and 275.
11
Let j be 1/(2/(-1 - -11)). Suppose 0 = j*q + 5*c - 370, 0*c - c - 376 = -5*q. What is the greatest common factor of q and 50?
25
Suppose -d + 275 = 5*b + 4*d, b = 3*d + 35. Let g(i) = -13*i - 22. Let n be g(-4). Let m = b - n. What is the highest common factor of 4 and m?
4
Let r(t) = 2*t**3 + 7*t**2 + 8*t + 56. Let i be r(0). Calculate the greatest common factor of 1183 and i.
7
Let t = 21941 - 21899. Calculate the greatest common factor of t and 994.
14
Let m be 1/3 - ((-183358)/(-21))/(-14). Let c = 1048 - m. What is the greatest common factor of 53 and c?
53
Let j be -1 + 402/18 - 3/9. Let z(x) = 3*x - 12. Let c be z(9). What is the greatest common divisor of j and c?
3
Suppose -11069 = 35*q - 134*q - 3743. What is the highest common factor of q and 1887?
37
Suppose 0 = -2*z - 186*m + 184*m + 122, 2*z - 157 = 5*m. Calculate the greatest common factor of z and 1364.
22
Let l be 24/(-3) + (-54 - -65). Let n(m) = -m + 120. Let b be n(0). Calculate the greatest common divisor of b and l.
3
Suppose 5*d - 5200 = -4*i, -12*d = -7*d - 5*i - 5245. Calculate the greatest common factor of 468 and d.
36
Suppose 0 = -15*s + 8554 - 2899. Calculate the greatest common divisor of s and 29.
29
Let b(x) = -183*x + 7884. Let w be b(43). Calculate the highest common divisor of w and 27780.
15
Suppose -20*w + 24*w + 4*z = 3340, -4*z - 20 = 0. Calculate the greatest common factor of w and 45.
15
Suppose -17*n - 9774 + 31840 = 0. What is the greatest common divisor of n and 308?
22
Suppose 942 = 5*l + 4*r, -417*l + 419*l = -r + 372. What is the greatest common factor of l and 1274?
182
Suppose 4*b = 4*x - 2*x - 82, 2*x = -b + 72. Suppose -x = 5*y - 82. What is the highest common divisor of y and 549?
9
Let a = 70 + -56. Let j(f) = f**2 - 24*f + 45. Let n be j(22). Let s be 1*(-18)/(-3) + n + 0. Calculate the greatest common divisor of s and a.
7
Let q = -47 - -66. Let b = 3782 - 3725. What is the greatest common divisor of q and b?
19
Let c(u) = 2*u**3 - 19*u**2 + 61*u + 5. Let k be c(6). What is the highest common factor of 1547 and k?
119
Let u(b) = 2*b**2 + 51*b - 789. Let i be u(12). Calculate the highest common divisor of i and 2738.
37
Let x(g) = 18*g - 15. Let z be x(9). Suppose -4*p + 113 = 5*n, 0 = 4*n + 6*p - 2*p - 92. What is the greatest common factor of z and n?
21
Let q(y) = 174*y - 561. Let w be q(5). Calculate the highest common divisor of w and 1751.
103
Let y = 3 - -71. Let r = y + -68. Let c(q) = -q**2 + 8*q - 